{"id":78,"date":"2019-03-05T23:41:01","date_gmt":"2019-03-05T23:41:01","guid":{"rendered":"http:\/\/fotovideoanay.com\/?page_id=78"},"modified":"2023-01-25T08:34:55","modified_gmt":"2023-01-25T08:34:55","slug":"o-nama","status":"publish","type":"page","link":"http:\/\/fotovideoanay.com\/","title":{"rendered":"O NAMA"},"content":{"rendered":"\n<p>U potrazi ste za fotografom? Na pravom ste mjestu! <\/p>\n\n\n\n<p>Nudimo profesionalno fotografiranje i videosnimanje vjen\u010danja i drugih sve\u010danosti.  Na\u0161 tim se sastoji od 2 ekipe koje dugi niz godina radi zajedno. <\/p>\n\n\n\n<p>Obratite nam se sa povjerenjem!  <\/p>\n\n\n\n<h4>USLUGE<\/h4>\n\n\n\n<ul>\n<li>Foto i video usluge<\/li>\n\n\n\n<li>Izrada fotografija<\/li>\n<\/ul>\n\n\n\n<h4><strong>FOTOGRAFIRANJE I VIDEO SNIMANJE VJEN\u010cANJA I OSTALIH DOGA\u0110ANJA<\/strong><\/h4>\n\n\n\n<h4><strong>FOTOGRAFIJE ZA DOKUMENTE<\/strong><\/h4>\n\n\n\n<p>Nudimo fotografiranje za sve vrste dokumenata i izradu u trajanju od 5 min. Fotografije Vam mo\u017eemo pohraniti u digitalnom obliku na USB ili CD ili poslati na va\u0161u e-mail adresu.<\/p>\n\n\n\n<h4><strong>DIGITALIZACIJA NEGATIVA, DIAPOZITIVA I SVIH VIDEO KAZETA<\/strong><\/h4>\n\n\n\n<p>Stare negative, diapozitive ili video kazete digitaliziramo na DVD i USB.<\/p>\n\n\n\n<h4><strong>PERSONALIZIRANI POKLONI<\/strong><\/h4>\n\n\n\n<p>Va\u0161a \u017eelja &#8211; na\u0161a zapovijed ! Nudimo izradu foto knjiga, otisak<br> na canvas platna, majice, bodije, jastu\u010dnice i slin\u010deke , izradu<br> puzzli iz va\u0161ih fotografija, foto \u0161alice, personalizirane<br> kalendare, \u010destitke i sli\u010dno.<\/p>\n\n\n\n<p><\/p>\n","protected":false},"excerpt":{"rendered":"<p>U potrazi ste za fotografom? Na pravom ste mjestu! Nudimo profesionalno fotografiranje i videosnimanje vjen\u010danja i drugih sve\u010danosti. Na\u0161 tim se sastoji od 2 ekipe koje dugi niz godina radi zajedno. Obratite nam se sa povjerenjem! USLUGE FOTOGRAFIRANJE I VIDEO SNIMANJE VJEN\u010cANJA I OSTALIH DOGA\u0110ANJA FOTOGRAFIJE ZA DOKUMENTE Nudimo fotografiranje za sve vrste dokumenata i izradu u trajanju od 5 min. Fotografije Vam mo\u017eemo pohraniti u digitalnom obliku na USB ili CD ili poslati na va\u0161u e-mail adresu. DIGITALIZACIJA NEGATIVA, [&hellip;]<\/p>\n","protected":false},"author":2,"featured_media":96,"parent":0,"menu_order":0,"comment_status":"closed","ping_status":"closed","template":"templates\/full-width-page.php","meta":{"ngg_post_thumbnail":0},"_links":{"self":[{"href":"http:\/\/fotovideoanay.com\/index.php\/wp-json\/wp\/v2\/pages\/78"}],"collection":[{"href":"http:\/\/fotovideoanay.com\/index.php\/wp-json\/wp\/v2\/pages"}],"about":[{"href":"http:\/\/fotovideoanay.com\/index.php\/wp-json\/wp\/v2\/types\/page"}],"author":[{"embeddable":true,"href":"http:\/\/fotovideoanay.com\/index.php\/wp-json\/wp\/v2\/users\/2"}],"replies":[{"embeddable":true,"href":"http:\/\/fotovideoanay.com\/index.php\/wp-json\/wp\/v2\/comments?post=78"}],"version-history":[{"count":14,"href":"http:\/\/fotovideoanay.com\/index.php\/wp-json\/wp\/v2\/pages\/78\/revisions"}],"predecessor-version":[{"id":903,"href":"http:\/\/fotovideoanay.com\/index.php\/wp-json\/wp\/v2\/pages\/78\/revisions\/903"}],"wp:featuredmedia":[{"embeddable":true,"href":"http:\/\/fotovideoanay.com\/index.php\/wp-json\/wp\/v2\/media\/96"}],"wp:attachment":[{"href":"http:\/\/fotovideoanay.com\/index.php\/wp-json\/wp\/v2\/media?parent=78"}],"curies":[{"name":"wp","href":"https:\/\/api.w.org\/{rel}","templated":true}]}}